se
Let n be (-12)/(-2) - (-8 - (-9 - -2)). Suppose 2*o = 2*f + 8, 4*o + 7 - 20 = f. Is o + (-100)/28 - (-4771)/n a prime number?
False
Let t = 157179 - 68800. Is t a composite number?
False
Let n(h) = 227*h**2 - 23*h + 72. Let d be n(15). Is (d/12)/((-6)/(-12)) composite?
False
Suppose -20*a - 64 = -24*a. Suppose -a - 42 = -2*q. Is (8/(32/(-20)))/((-1)/q) a prime number?
False
Is 30/(-14) + 1201546528/1274 a prime number?
True
Let j(w) be the first derivative of 5*w**4/2 + 4*w**3/3 - w**2/2 + 13*w - 39. Is j(4) a prime number?
False
Let w(c) be the first derivative of 3359*c**2/2 - 189*c - 78. Is w(4) a composite number?
True
Let x(y) be the second derivative of 1255*y**3/6 + 50*y**2 - 14*y + 3. Is x(7) prime?
False
Let v(r) = 2*r**3 + 14*r**2 + 25*r. Let x be v(-4). Suppose 5*c = 3*d - 43, -c - 8 = -3. Is ((-6)/x)/(d/7532) prime?
False
Let r = 171087 + 879068. Is r composite?
True
Suppose 5*k - 58569 = -4*a, -233*a = 3*k - 228*a - 35131. Is k a composite number?
False
Suppose -4*c = 2*j + 53266, -3*j = -2*c - 5665 - 20956. Let n = -7334 - c. Is n prime?
True
Suppose 7*y + 7572 = 1965. Let r = y + 1463. Let l = r + -399. Is l prime?
True
Let q(h) = 6090*h - 18. Let y be q(5). Suppose 0 = 3*c + 9*c - y. Suppose 6 = -2*j - 0, 0 = -4*i + 4*j + c. Is i prime?
True
Suppose 7*l = 72 + 40. Suppose -24412 = 12*v - l*v. Is v prime?
False
Let x = 15308 + -6110. Suppose -x = -6*u + 4086. Let b = -1313 + u. Is b prime?
False
Let m be (-6)/(-4)*-1*(-892)/669. Suppose 0 = 2*o - b - 18059, m*o - 24055 = -3*b - 5984. Is o prime?
False
Let o = 21 - 3. Let u(r) = -12*r**3 + o*r**2 + 13 + 94*r**3 - 4*r - 14*r**2. Is u(3) a prime number?
True
Let b = 7075 - -5536. Is b composite?
False
Let s = -56 - -66. Is (-1*(-5844)/18)/(s/15) a prime number?
True
Let p be (-3 - -2)*1*(-9 - -4). Suppose -n + 10098 = p*n. Let m = -406 + n. Is m a composite number?
False
Let z = -61808 + 378799. Is z a prime number?
True
Let c(m) = -151*m**3 - 54*m**2 - 5*m - 31. Is c(-11) prime?
True
Let l = 392 - 601. Let a = 348 - l. Is a a composite number?
False
Let m = 73150 - 41973. Is m a composite number?
False
Let a(y) = 6*y**2 - 26*y - 9. Let l be 48/9*-1*(-3 - 0). Is a(l) a prime number?
False
Is -487*(12 + 730)/(-14) prime?
False
Let f = 71 - 73. Suppose -33 = 4*i + 3. Is (-2)/2*f + (-1701)/i prime?
True
Suppose b + 2*c = 159109, 74*b - 1432061 = 65*b - 2*c. Is b composite?
False
Let w(d) = 5236*d + 2001. Is w(18) composite?
True
Let b be 1*4*6/(-8). Is b/(-2) + (-292)/(-8) a prime number?
False
Suppose -8 = 5*s + 2*x, -2*x + 1 + 1 = 0. Let d be 0 + 1 + 3*s/(-6). Suppose 4*f - 4*q - 758 = 1086, d*q + 8 = 0. Is f a composite number?
False
Suppose 2*z + 18 = 4*w, -4*z - 1 = -w - 0. Suppose 5*j = 4*k - 4435, -2*k + w*k = -2*j + 3355. Is k prime?
False
Suppose 3*d - 4*f = 2*d + 288, f = 4. Suppose -2*h + 454 = -d. Is h a prime number?
True
Suppose -33*o = -35*o + 8, -h = 2*o - 476985. Is h a composite number?
False
Let o(a) = 19*a**2 + 3*a - 32 - 31 + 65. Let v be o(-9). Suppose 0 = -2*r + p + 4*p + 753, -4*r + 2*p + v = 0. Is r composite?
False
Let h(r) = r**3 - 88*r**2 + 102*r + 1198. Is h(87) prime?
True
Suppose 3*c - 10 = 8. Suppose 3*b = r - 0*b - 10651, 3*b = -c. Is r prime?
False
Let g = -183 - -187. Suppose -d + 2761 = g*y, 4*d - 6*d - 1368 = -2*y. Is y prime?
False
Let h = 6672 + -2561. Is h prime?
True
Suppose 0 = 4*g - 5*w - 180, -5*w + 2 - 22 = 0. Let l = 22 - g. Let y(u) = 9*u**2 + 10*u - 17. Is y(l) a prime number?
True
Suppose -15*h + 15 = -0*h. Let o(f) = 379*f**2 + 4*f - 4. Is o(h) composite?
False
Suppose 6*b - b - 20 = -5*f, b + 1 = 4*f. Suppose b*y = 4*p - 19502, y = 3*y + 2*p + 12992. Is y/(-3) + (-8)/(-8) composite?
True
Suppose 6*q = 267 - 249. Suppose 4*x - 47284 = q*f + 79111, -6 = -2*f. Is x prime?
True
Is (5 - (-442)/3)/(92/521364) a prime number?
False
Suppose -4*r - 86910 = -2*y, 86904 = 22*y - 20*y + 2*r. Is y a composite number?
True
Suppose -233*o = -239*o + 9228. Is o prime?
False
Let c = 84403 + 56734. Is c prime?
False
Let o be 3/(-4 + 4 + -1). Let m be -2 - o/((-6)/(-20)). Suppose q + 2*c = 747, 0 = 5*c + m + 7. Is q a composite number?
True
Let g(v) = 104*v**2 - 14*v - 157. Is g(18) composite?
False
Let s(q) = -1127*q + 39. Let r be ((-196)/35)/(14/35). Is s(r) composite?
False
Let g(o) = -216*o**3 + 8*o**2 - 23*o - 56. Is g(-5) a prime number?
True
Let o = 66528 - -534095. Is o prime?
True
Let o = -401099 + 633300. Is o composite?
True
Suppose 1180541 = 3*c - 5*h, -299510 = -2*c - h + 487526. Is c a prime number?
True
Let z(g) = -1 - 3 + 2884*g + 7539*g + 404*g. Is z(1) prime?
False
Let c be (160/200)/(2*(-1)/10). Let v(j) = 444*j**2 - j - 29. Is v(c) a composite number?
False
Suppose 11*k = -2*k + 4*k + 291177. Is k prime?
True
Let p = 152 - 138. Suppose -17*i = p*i - 42191. Is i a composite number?
False
Let s(o) = -261*o - 141. Let g be ((-3)/(-2))/(-5*9/420). Is s(g) a composite number?
True
Suppose 5*n - 24 = -m, 3*n + 4*m - 11 = 17. Suppose t - 2*t = -n. Suppose -2*l - t*j + 66 = -8, -j + 71 = 2*l. Is l a prime number?
False
Suppose -z = -3*s - 23216 - 23232, -92872 = -2*z - 2*s. Is z composite?
False
Let k(i) = i + 16*i - 5*i + i**3 + 11*i + 12 + 13*i**2. Let r be k(-11). Is (r - 7095)*(-4)/(7 - -1) prime?
True
Suppose 2073107 = 3*n + 2*c, -n - 38*c + 691024 = -35*c. Is n a prime number?
False
Suppose 5*d + 12 = -j - 5, 5*d = -2*j - 14. Let t be 15*9/(-315) + (-2 - (-286)/14). Is (4 - t)/(2/(-149)) + d composite?
False
Suppose 0 = 4*f + a - 102 - 119, -5*a = -25. Suppose 4*p + f = 62. Suppose 4*v = 4*t - 6604, -8271 = -5*t - v + p*v. Is t prime?
False
Suppose 3*c + 28572 = 3*v, 4*v + 19060 = 6*v + 2*c. Is v prime?
False
Let p(y) = -y**3 + 33*y**2 - 9*y + 29. Let w be p(28). Let n = w + -110. Is n composite?
True
Let h(r) = -r**3 + 9*r**2 + 2*r - 13. Let y be h(9). Suppose 2*p - y*k = 7*p + 30, 4*k = p - 14. Is (p/6)/(-2*(-9)/(-23922)) composite?
False
Let o(r) = r**3 - 7*r**2 - r + 22. Let g be o(7). Is 86207/g + 5*2/(-75) composite?
True
Let l(i) = -i**2 - 51*i - 92. Let t be l(-49). Is (-7500)/(-6) - t/6 composite?
False
Let p(d) = -52*d + 23*d + 11*d**2 + 7*d**2 + 22*d - 7*d**2 - 1. Is p(5) prime?
True
Let x be -398*2/4 - -4. Let j be (-4)/30 - 2951/x. Suppose 23370 + 17235 = j*r. Is r a prime number?
True
Suppose 5*k = 4*k + 701. Suppose -5*r - 1 = -4*r, 2*r + k = j. Is j composite?
True
Let k(x) = x. Let l(d) = 292*d + 39. Let i(v) = 3*k(v) - l(v). Is i(-4) a prime number?
True
Let i = -201 - -109. Let t = 96 + i. Suppose 5*o + 35 - 100 = 4*v, 4*o = -t*v + 52. Is o a composite number?
False
Let z = -11 + 18. Let m be -7 - ((-12)/(-4) - 7). Is (z/14)/(m/(-1338)) a prime number?
True
Let q(y) = -y**3 - y**2 + y + 5199. Let b be q(0). Let t(z) = 23*z**2 + 3*z - 7. Let p be t(2). Suppose -p*n + b = -88*n. Is n a prime number?
True
Suppose -189*c + 198*c = 5806557. Is c a prime number?
False
Let c(h) = 16*h + 38. Let a be c(-9). Let t = a - -186. Is (32/t)/((-4)/(-57790)) composite?
False
Suppose 7 = -5*v + 4*v - 3*a, 2*v = 2*a - 6. Is (-101316)/(-66) - v/44*-1 composite?
True
Let y = 34404 - 16465. Is y prime?
True
Let s = 53 + -57. Let w be 17686/8 + (s - (-17)/4). Is (-1 + 4)*(2 + w/9) composite?
False
Suppose 0 = -5*m + 761710 - 192965. Is m a prime number?
True
Suppose 6*b - 18 = -6. Is b*(-5)/10 + -3 + 397 prime?
False
Let k be 80/6*(-4)/(-30)*189. Let w be 7 + k/(-49) + (-13)/(-7). Is (2498/(-3))/(w/(-15)) prime?
False
Let r(g) = g**3 - 2*g**2 + 20. Let n be r(0). Suppose 28805 = -n*k + 92905. Is k a prime number?
False
Let s(a) = 22 + 9115*a - 9082*a - 5. Is s(24) a prime number?
True
Suppose -3*x + 3 = 0, 3*o - 22*x - 1115 = -18*x. Is o a composite number?
False
Is (-6)/36*-12*5271/6 a composite number?
True
Is (-54)/(-90)*(-23664560)/(-48) prime?
False
Let w be 30/(-4)*8/(-12). Suppose -7105 = -10*f + w*f. Suppose 33451 = 10*m + f. Is m prime?
True
Let z = 19118 + 7011. Suppose -61606 - z = -5*u. Is u composite?
True
Let p(k) = -k**3 + 5*k**2 + 4*k - 5. Let q be p(6). Let g(x) be the third derivative of -x**6/120 - 3*x**5/10 - 5*x**4/6 + 23*x**3/6 - 98*x**2. Is g(q) prime?
False
Let h(m) = -1339*m**2 - 72*m - 37. Let y(o) = -668*o**2 - 35*o - 18. Let s(a) = -3*h(a) + 5*y(a). Is s(7) prime?
False
Let x = 210444 - -6425. Is x pri